 h. Suppose p = 2*p - o. List the prime factors of p.
2
Suppose -4*h = -2*h - 10. Suppose -50 = -h*j + 65. Let w = -13 + j. What are the prime factors of w?
2, 5
What are the prime factors of (16/10)/((-2)/(-5))?
2
Suppose 5*z = 4*q + 56, -11 = -z + 5*q - 4. Let f be z + 1*(2 - 3). Suppose -2*w = -f - 9. What are the prime factors of w?
2, 5
Let q = 47 - 30. Let p(r) = 2*r**2 + 3. Let o be p(-4). Let i = o - q. What are the prime factors of i?
2, 3
List the prime factors of ((-2)/(-3))/((-8)/(-396)).
3, 11
Suppose -7 = -5*r + 13. Suppose 2*m = -5*i + 18, -3*i = -0*i - r*m - 16. What are the prime factors of i?
2
Suppose -2*t + 7 = 5*p + 16, 0 = -4*p - 4*t. Let y be (-2)/2 - p - -3. Let q = y - 3. List the prime factors of q.
2
Let s(j) = -j**2 - 3*j - 5. Let m be s(-5). Suppose -4*p - 110 = -2*w, 52 = -2*p + 3*w - 13. Let f = m - p. What are the prime factors of f?
2, 5
Let y(j) = j**3 - 16*j**2 + 15*j + 27. What are the prime factors of y(15)?
3
Suppose -65 = -5*r - 10. Let a = -1 + r. List the prime factors of a.
2, 5
Suppose 0 = -4*n - n + 130. List the prime factors of n.
2, 13
Suppose -4 = -a, -24 = -4*s + 4*a - 9*a. What are the prime factors of (s - (-1)/(-2))*6?
3
Let c = 41 + -21. List the prime factors of c.
2, 5
Suppose 0 = 5*n - 2*n - 2*t - 126, 5*n - 4*t = 210. What are the prime factors of n?
2, 3, 7
Let c = 56 + 38. Let j = -62 + c. List the prime factors of j.
2
Suppose 5*z - 31 + 6 = 0. List the prime factors of (9/z + -1)*5.
2
Let a = -14 - -30. What are the prime factors of a?
2
Suppose 2*y - 4*n = 12, 2*y = n + 8 + 7. Let d = y - -1. List the prime factors of d.
3
Suppose 16 - 2 = 4*t - 5*h, -30 = -4*t - 3*h. Suppose 0 = -2*d + t. List the prime factors of d.
3
Let u be 4/(-2)*2/(-1). Suppose -2*w = -u*k - 11 - 11, -k + 2 = w. List the prime factors of w.
5
Let t = 6 - 6. Suppose t = 6*k - k - 55. What are the prime factors of k?
11
Let p = 8 + -4. Suppose -107 - 5 = -p*t. List the prime factors of t.
2, 7
Let c(n) = -n**2 + 7*n + 6. Let f be c(6). Suppose -g + 5*b + 13 = 0, -5*b = -5*g - f - 23. Let m = -7 - g. List the prime factors of m.
5
Let c be -2*2/(-4)*-2. Let y = 0 + c. What are the prime factors of 1*(-11)/2*y?
11
Suppose 11 = 2*z + 3, 4*z + 199 = 5*s. List the prime factors of s.
43
Let o(n) = -n**2 - 8. Let l be o(0). List the prime factors of l/32 + (-61)/(-4).
3, 5
Suppose 5*l + 47 = -83. List the prime factors of (-429)/l + 3/2.
2, 3
Let t = 3 + 0. Suppose 2*o = t + 17. What are the prime factors of o?
2, 5
Suppose 0 = 3*t - 12, -321 = -4*y + y + 3*t. List the prime factors of y.
3, 37
Let s(l) = -l**3 + 12*l**2 + 10*l - 12. List the prime factors of s(10).
2, 3
Suppose 3*b - 7 = -1. Suppose b = 4*l - 3*l. What are the prime factors of l?
2
Let g(h) be the first derivative of h**4/4 - 2*h**3/3 + h**2/2 - 3*h + 5. What are the prime factors of g(3)?
3
Let i be (-51)/(-2)*(-2 + 6). List the prime factors of i/4*(-2)/(-3).
17
What are the prime factors of 4 - ((-4 - -3) + -4)?
3
Let l(h) = h**3 + 27*h**2 + 25*h + 50. List the prime factors of l(-26).
2, 19
Let n(k) = k**3 + k**2 - k - 1. Let y be n(-1). Suppose y = 5*v + 2 + 3. Let g(b) = -8*b**3 + 2*b**2 + 2*b + 1. What are the prime factors of g(v)?
3
Suppose -2*w + 436 = 2*w. List the prime factors of w.
109
Suppose -t - 58 = 5*g - 185, -4*t = 2*g - 580. List the prime factors of t.
3, 7
Let b = -116 + 163. Let a = -31 + b. Suppose 0 = -c + z - 3 + a, 4*c = -5*z + 70. List the prime factors of c.
3, 5
Suppose -5*i = 90 - 265. Let l = -17 + i. What are the prime factors of 8/(-36) - (-148)/l?
2
Suppose -6 - 154 = -4*m. What are the prime factors of m?
2, 5
Let h(d) = d**3 - 4*d**2 + 4*d - 2. Let g be h(2). Let x be 3 - (-6 - (5 + g)). Suppose -2*n + 4*r = -x, 4*n = 3*n - r. What are the prime factors of n?
2
Let a be (2/(-2))/(-1 + 2). Suppose -12*c = -1 - 23. List the prime factors of (39/(-6))/(a/c).
13
Let r = -14 + 20. List the prime factors of r.
2, 3
Suppose -4*n - 2 = -4*g - 2*n, -2*g + 21 = 3*n. Suppose -g*y + 8 = 23. Let s(q) = -q**2 - 6*q + 4. List the prime factors of s(y).
3
Suppose -162 = 13*x - 15*x. List the prime factors of x.
3
Suppose -2*s + r = 2*r, -2*s = -3*r - 8. Let z = 10 - 6. Let m = z - s. List the prime factors of m.
3
Let o(f) = f**2 - 2*f - 3. Let v be o(-2). Suppose 0 = 5*k - 20 - v. Suppose 5*h - 29 = -k*t + 2*h, -4*t + 3*h + 34 = 0. List the prime factors of t.
7
Suppose -5*k + 20 = 0, 4*p + 0*k + 2*k + 8 = 0. What are the prime factors of (14/p - -1)*-6?
3, 5
Let r(d) = -5*d - 1. Let b be r(-1). Suppose -2*m - 12 = b*o, 4*m + 8 = 4*o + m. List the prime factors of o/(9/6 - 2).
2
What are the prime factors of ((-432)/(-15) - -2)*5?
2, 7, 11
Let j = -6 - -10. Suppose -4*r - 5*i = -52, -j*r + 36 = -i + 2*i. List the prime factors of r.
2
Suppose d - 2*d = -5*b + 351, -b + 66 = 4*d. What are the prime factors of b?
2, 5, 7
Suppose 2*a - 2*k + 2 = 0, 0 = -5*a + 3*k + 1 - 0. Suppose 0 = a*v - 3*v + 17. List the prime factors of v.
17
Let i(g) = g - 1. Let y be i(6). Suppose 5*w + 0*w + 5*n = 5, -y*n = 4*w - 9. List the prime factors of (w/(-5))/((-6)/(-15)).
2
Let j = 81 - 55. List the prime factors of j.
2, 13
Suppose 2*k - 2 = 2. List the prime factors of k.
2
Let z(j) = -j**2 - 3*j + 4. Let g be z(-4). Suppose g = 4*t - 25 - 15. List the prime factors of t.
2, 5
Let m be 2 + (-6)/(-3) + -2. Let u(d) = 2*d + 0*d - 2 + d**m + d. List the prime factors of u(-5).
2
Suppose 0 = 3*p + 4*d - 18, 0*p + 5*d - 23 = -4*p. Suppose -p = -a + 3. List the prime factors of a.
5
Suppose -2*v + 3*u + 5 = 2*u, 0 = -2*v - 5*u - 25. What are the prime factors of (-26 + v)/(-6 + 4)?
13
Let c(o) = 3*o - o**3 + 5*o**2 + 4*o - 6 + 3. Let b be 5 + 1 - (-1 + 1). What are the prime factors of c(b)?
3
Let a be 302/8 - (-1)/4. Suppose 0 = 2*c - 4*c + a. What are the prime factors of c?
19
Let m = -20 - -28. Suppose -m*w = -9*w + 34. What are the prime factors of w?
2, 17
Let j(p) = 2*p + 8. Let h be j(-8). Let w = 37 - 21. Let i = w + h. What are the prime factors of i?
2
Suppose 0 = -0*y + 2*y. Suppose y = -4*n + 4*w + 81 + 91, 3*w = n - 47. What are the prime factors of n?
41
Let n = -12 + 48. List the prime factors of n.
2, 3
Let x(l) = -l**3 + 6*l**2 - l + 6. List the prime factors of x(4).
2, 17
Let o(x) = x**2 - 9*x + 1. Let d(c) = -c**2 + 10*c - 1. Let z(u) = 5*d(u) + 6*o(u). List the prime factors of z(6).
13
Let t = -5 + 10. Suppose t*z - 17 = 2*d, 0 = -0*d - 5*d + 2*z - 53. Let h = -6 - d. List the prime factors of h.
5
List the prime factors of (((-72)/10)/(-3))/((-9)/(-780)).
2, 13
Let j = 10 + -7. Suppose -48 + 18 = -j*s. What are the prime factors of s?
2, 5
Let y(l) = -19*l - 2. Let m(h) = 21*h - 2. Let x(k) = 41*k - 3. Let z(w) = -5*m(w) + 3*x(w). Let b(u) = 2*y(u) + 3*z(u). List the prime factors of b(1).
3, 5
Let i = -6 + 42. What are the prime factors of i?
2, 3
Let r(h) = -2*h**2 + h**2 - 2 + 11 - 8*h. Let g be ((-8)/6)/(6/36). List the prime factors of r(g).
3
Suppose -3*i = -0*y + 2*y - 47, -3*y = -2*i + 14. What are the prime factors of -3 + 6 + i + 0?
2
Suppose 0 - 2 = -2*s. Suppose 2*a = -6, -o - 5*a - 3 = s. What are the prime factors of o?
11
Let o be 2 + (2 - (5 - 1)). Suppose -g + 3 - 5 = o. List the prime factors of g/4 - 27/(-6).
2
Suppose v = -7*a + 4*a + 46, -5 = -5*v. What are the prime factors of a?
3, 5
Suppose -i + 2*x + 35 = 0, i + 0*i = -5*x + 70. What are the prime factors of i?
3, 5
Let k be 16/10*10/4. Suppose -3 - 5 = 4*l. Let o = k + l. List the prime factors of o.
2
Let y(v) = -2*v + 1. Let d be ((-4)/12)/((-2)/(-6)). Let o be y(d). Suppose -8 = -o*s + s. What are the prime factors of s?
2
Let x = -14 + 20. Let b = x + -6. Let j = 2 - b. What are the prime factors of j?
2
Let u(s) = -s**2 + 5*s - 6. Let v be u(4). What are the prime factors of v + (-14)/(-3)*3?
2, 3
Let h(q) = 3*q**2 - 4*q - 1. Let j be h(-3). Suppose 2*k + 3*b = -j, 4*k = b + 17 - 65. Let o = 7 - k. List the prime factors of o.
2, 5
What are the prime factors of (-48)/(-8)*-6*2/(-3)?
2, 3
Let r = 57 + -30. Let c = -18 + r. List the prime factors of c.
3
Let n = 2 - 1. Let j be n/(-2) - (-12)/8. Suppose 0 = -v + 5*l + j - 15, -28 = -2*v - 4*l. List the prime factors of v.
2, 3
Suppose 3*s - 141 = -n - 17, -3*s + 128 = 2*n. List the prime facto